{"id":50,"date":"2025-09-20T11:25:05","date_gmt":"2025-09-20T09:25:05","guid":{"rendered":"https:\/\/konyhasonlito.hu\/?page_id=50"},"modified":"2025-10-02T09:36:05","modified_gmt":"2025-10-02T07:36:05","slug":"kulfoldi-rendezvenyek","status":"publish","type":"page","link":"https:\/\/konyhasonlito.hu\/?page_id=50","title":{"rendered":"K\u00fclf\u00f6ldi rendezv\u00e9nyek"},"content":{"rendered":"\n<p><\/p>\n\n\n\n<h2 class=\"wp-block-heading\">Host Mil\u00e1n\u00f3 2025: Ahol a vend\u00e9gl\u00e1t\u00e1s j\u00f6v\u0151je k\u00e9zzelfoghat\u00f3v\u00e1 v\u00e1lik<\/h2>\n\n\n\n<p>A vend\u00e9gl\u00e1t\u00f3ipar soha nem l\u00e1tott kih\u00edv\u00e1sokkal \u00e9s lehet\u0151s\u00e9gekkel n\u00e9z szembe. Hogyan lehet a n\u00f6vekv\u0151 k\u00f6lts\u00e9gek \u00e9s a munkaer\u0151hi\u00e1ny mellett is nyeres\u00e9gesnek maradni? Milyen \u00faj koncepci\u00f3kkal lehet leny\u0171g\u00f6zni a mindent l\u00e1tott vend\u00e9geket? \u00c9s forgalmaz\u00f3k\u00e9nt melyek lesznek azok a term\u00e9kek, amelyek a k\u00f6vetkez\u0151 \u00e9vek sl\u00e1gerei lesznek? Ezekre a k\u00e9rd\u00e9sekre egy helyen kaphatunk v\u00e1laszt: a <a href=\"https:\/\/host.fieramilano.it\/en\/\" data-type=\"link\" data-id=\"https:\/\/host.fieramilano.it\/en\/\">Host Milano szakki\u00e1ll\u00edt\u00e1son<\/a>. Ez az esem\u00e9ny nem csup\u00e1n egy term\u00e9kbemutat\u00f3, hanem a glob\u00e1lis HoReCa szektor legfontosabb tal\u00e1lkoz\u00f3ja, ahol a trendek sz\u00fcletnek. Ak\u00e1r \u00e9ttermet vezet, ak\u00e1r sz\u00e1llod\u00e1t ir\u00e1ny\u00edt, vagy a leg\u00fajabb technol\u00f3gi\u00e1kat forgalmazza, Mil\u00e1n\u00f3ban olyan inspir\u00e1ci\u00f3t \u00e9s \u00fczleti kapcsolatokat szerezhet, amelyek az eg\u00e9sz k\u00f6vetkez\u0151 \u00e9vre meghat\u00e1rozz\u00e1k a siker\u00e9t. <br><a href=\"https:\/\/konyhasonlito.hu\/?page_id=117\" data-type=\"link\" data-id=\"https:\/\/konyhasonlito.hu\/?page_id=117\">Tov\u00e1bb a cikkre<\/a><\/p>\n\n\n\n<p><\/p>\n","protected":false},"excerpt":{"rendered":"<p>Host Mil\u00e1n\u00f3 2025: Ahol a vend\u00e9gl\u00e1t\u00e1s j\u00f6v\u0151je k\u00e9zzelfoghat\u00f3v\u00e1 v\u00e1lik A vend\u00e9gl\u00e1t\u00f3ipar soha nem l\u00e1tott kih\u00edv\u00e1sokkal \u00e9s lehet\u0151s\u00e9gekkel n\u00e9z szembe. Hogyan lehet a n\u00f6vekv\u0151 k\u00f6lts\u00e9gek \u00e9s a munkaer\u0151hi\u00e1ny mellett is nyeres\u00e9gesnek maradni? Milyen \u00faj koncepci\u00f3kkal lehet leny\u0171g\u00f6zni a mindent l\u00e1tott vend\u00e9geket? \u00c9s forgalmaz\u00f3k\u00e9nt melyek lesznek azok a term\u00e9kek, amelyek a k\u00f6vetkez\u0151 \u00e9vek sl\u00e1gerei lesznek? Ezekre a [&hellip;]<\/p>\n","protected":false},"author":1,"featured_media":0,"parent":17,"menu_order":2,"comment_status":"closed","ping_status":"closed","template":"","meta":{"footnotes":""},"class_list":["post-50","page","type-page","status-publish","hentry"],"_links":{"self":[{"href":"https:\/\/konyhasonlito.hu\/index.php?rest_route=\/wp\/v2\/pages\/50","targetHints":{"allow":["GET"]}}],"collection":[{"href":"https:\/\/konyhasonlito.hu\/index.php?rest_route=\/wp\/v2\/pages"}],"about":[{"href":"https:\/\/konyhasonlito.hu\/index.php?rest_route=\/wp\/v2\/types\/page"}],"author":[{"embeddable":true,"href":"https:\/\/konyhasonlito.hu\/index.php?rest_route=\/wp\/v2\/users\/1"}],"replies":[{"embeddable":true,"href":"https:\/\/konyhasonlito.hu\/index.php?rest_route=%2Fwp%2Fv2%2Fcomments&post=50"}],"version-history":[{"count":6,"href":"https:\/\/konyhasonlito.hu\/index.php?rest_route=\/wp\/v2\/pages\/50\/revisions"}],"predecessor-version":[{"id":120,"href":"https:\/\/konyhasonlito.hu\/index.php?rest_route=\/wp\/v2\/pages\/50\/revisions\/120"}],"up":[{"embeddable":true,"href":"https:\/\/konyhasonlito.hu\/index.php?rest_route=\/wp\/v2\/pages\/17"}],"wp:attachment":[{"href":"https:\/\/konyhasonlito.hu\/index.php?rest_route=%2Fwp%2Fv2%2Fmedia&parent=50"}],"curies":[{"name":"wp","href":"https:\/\/api.w.org\/{rel}","templated":true}]}}